= 3*h**3 + 2*h**2 - 3*h + 3. Let y(w) = w**2 + 5*w + 6. Let u be y(-4). What is the remainder when k(2) is divided by (-1 - 0) + u + 14?
14
Suppose -3*w + 3*h + 37 = -110, -3*w = -5*h - 137. Suppose -j + 0*j + 6 = -2*n, n = 4. What is the remainder when w is divided by j?
12
Suppose -4*y + h = -h - 430, -324 = -3*y + 2*h. What is the remainder when y is divided by 27?
25
Suppose 2*t + 19 = -2*u + 485, -u = 5*t - 241. Suppose 4*s = 11*s - u. Calculate the remainder when s is divided by 9.
6
Let d(t) = t**3 + t + 10. What is the remainder when 17 is divided by d(0)?
7
Let i be (8/(-10))/((-1)/10). Let j(m) = -m**3 + 9*m**2 - m + 1. Calculate the remainder when j(i) is divided by 15.
12
Let r = 1301 - 737. What is the remainder when r/10 - 2/5 is divided by 19?
18
Let t(i) = i + 13. What is the remainder when 24 is divided by t(0)?
11
Let f(h) = -12*h + 2. Let r(q) be the first derivative of q**4/4 + 8*q**3/3 + 7*q**2/2 + 1. Calculate the remainder when r(-5) is divided by f(-1).
12
Let f(o) = 15*o**2 - 2*o + 1. Calculate the remainder when f(-2) is divided by 22.
21
Suppose 68 - 188 = -4*u. Calculate the remainder when 119 is divided by u.
29
Let t = -24 - -26. What is the remainder when 4 is divided by t?
0
Let t be 5/5 - (0 + 1). Suppose -5*j + 2*j + 24 = t. What is the remainder when 22 is divided by j?
6
Let b = -14 + 51. What is the remainder when (3/2)/(15/1090) is divided by b?
35
Suppose 4*c - 36 = c. What is the remainder when 46 is divided by c?
10
Let p = 10 + 14. What is the remainder when p is divided by 15?
9
Let g be 36/(-42)*(-14)/4. Suppose g = 5*p + 53. What is the remainder when (8/p)/((-14)/175) is divided by 6?
4
Let f = 30 + 16. Suppose 3*i = -3*a + 42, 3*i + 0*a - a - f = 0. Calculate the remainder when (-172)/(-6)*(-6)/(-4) is divided by i.
13
Suppose -c + u + 45 = 0, 3*c + 5*u - 110 = 3*u. What is the remainder when c is divided by 15?
10
Suppose z - 3*d + 4*d = 80, 2*z - 4*d - 172 = 0. Let i = z + -26. Suppose 2*u - f - i = 0, 2*u - 25 - 31 = -f. Calculate the remainder when u is divided by 10.
8
Let r be 53/4 + 7/(-28). Let v = r - -5. What is the remainder when (-3 - -1)/((-1)/26) is divided by v?
16
What is the remainder when 740/15 - (-6)/9 is divided by 17?
16
Let y be (0 + -2)*1 - -2. Suppose -k + 4*w + 34 = 0, 3*k - 5*w + 43 - 117 = y. What is the remainder when k is divided by 5?
3
Let i(b) = b**2 - 5*b + 1. Let u be (-7)/4*4/(-1). Let o be i(u). Suppose 3*g - 6 = j, -j = -2*j - 4*g + o. What is the remainder when 8 is divided by j?
2
Let j(z) = -z**3 + 4*z**2 + 4*z - 1. Let u be j(5). Let s = 4 - u. What is the remainder when (-92)/(-5) - (-4)/(-10) is divided by s?
8
Let w be -1 + 4 + -1 - 17. Let m = w + 26. Let s = -3 + 9. Calculate the remainder when m is divided by s.
5
Suppose -3*k = 2*a - 19, -5*a - 4*k + 20 = -2*k. Suppose -3 + 0 = -t. Calculate the remainder when t is divided by a.
1
Suppose 0 = 5*p + 3*y - 56, -3*y + 0 = -p + 22. What is the remainder when p is divided by 4?
1
Let a(p) = 4*p + 4. What is the remainder when a(5) is divided by 14?
10
Suppose -4*a = -5*a - 22. Suppose 0 = z - 2 + 16. Let w = z - a. What is the remainder when 22 is divided by w?
6
Suppose 0 = -2*b + 2, u - b + 1 = 3*b. Suppose -u - 7 = -5*m. Calculate the remainder when 9 is divided by (2 - (0 + -1)) + m.
4
Let a(u) = 2*u**2 - 5*u - 65. What is the remainder when a(9) is divided by 14?
10
Let d(n) = n + 57. Calculate the remainder when 120 is divided by d(-15).
36
Let x = 42 + -29. What is the remainder when x is divided by (-550)/(-75) - (-2)/(-6)?
6
Let t = -25 + 60. What is the remainder when 103 is divided by t?
33
Suppose 3*o = -2*c + c + 211, 5*o - 4*c = 363. Let y(p) = -p - 8. Let x be y(-11). Suppose -2*a = -45 - x. What is the remainder when o is divided by a?
23
Let z = 14 - 1. What is the remainder when (-18)/(-1)*(-16)/(-6) is divided by z?
9
Suppose -c + 0 + 2 = 0. Let l(o) = o**2 + 2*o - 1. What is the remainder when l(-3) is divided by c?
0
Let u = 14 + -9. Let i(f) = -f**3 + 6*f**2 - 3. Suppose -5*y = -2*y - 126. What is the remainder when y is divided by i(u)?
20
Let w = 12 + -4. Suppose -4*h - h - 6 = -4*c, -w = -2*h - c. Suppose 1 = y - 1. Calculate the remainder when h is divided by y.
0
Suppose -3 = -3*p + 21. Let s = p + -4. Suppose -4*l = h - s*h - 43, -h = -l + 10. Calculate the remainder when l is divided by 7.
6
Suppose -f = -3*b + 87, -5*b = -6*b + 4*f + 18. Calculate the remainder when b is divided by 8.
6
Suppose 4*j + 32 = 6*j. Suppose -2*u + 9 = 3. Suppose u*m = -5*q + 54, 4*m = -q + 9*m - 6. Calculate the remainder when j is divided by q.
7
Let i(q) = 6*q**2 - 3*q. Calculate the remainder when 88 is divided by i(3).
43
Suppose 3*w + 2*n + n = -18, 2*w + 4*n + 18 = 0. Let h = 26 - 0. What is the remainder when h is divided by (6/(-4))/(w/28)?
12
Let v = -5 + 9. Suppose -4*o = -v*x - 47 + 15, -x + 8 = o. What is the remainder when 21 is divided by o?
5
Suppose 0 = -5*t + p + 4, 5*t + 7*p - 3*p = 9. Let j be 0 - (-33 + (-3)/t). Let l = j + -5. What is the remainder when l is divided by 8?
7
Suppose -291 = 4*q - 79. Let g = q - -16. Let c = g + 54. What is the remainder when 50 is divided by c?
16
Suppose 6*g + 4 = 8*g. Calculate the remainder when 63 is divided by ((-3)/g)/((-6)/52).
11
What is the remainder when 28 is divided by 376/24 + (-4)/6?
13
Let j(z) be the second derivative of z**5/20 - 5*z**4/12 - z**3/6 - 5*z**2/2 - 3*z. What is the remainder when j(6) is divided by 13?
12
Let q = 35 + -11. What is the remainder when q is divided by 2/(-3)*78/(-4)*1?
11
Calculate the remainder when 83 is divided by 3/(-3) + (1 - 2) + 24.
17
Let x(m) = -11*m + 2. Let y be x(2). Let d = 23 + y. What is the remainder when 11 is divided by d?
2
What is the remainder when 4/(-14) + 3248/49 is divided by 18?
12
Let i(r) = 8*r**3 - r**2 + 6*r + 5. Let t(m) = -7*m**3 - 5*m - 5. Let f(j) = 5*i(j) + 6*t(j). Calculate the remainder when f(-4) is divided by 23.
20
Let j = -2 + 7. Suppose 0 = 5*p + 18 - 3. Calculate the remainder when 2 + (p + 3 - -12) is divided by j.
4
Let q(c) = -1 + 2 + 2*c - 5. Let n be q(4). Suppose 0 = n*a - 43 - 1. What is the remainder when 20 is divided by a?
9
Let d(y) = -y**3 - 4*y**2 + 17*y + 13. What is the remainder when d(-7) is divided by 21?
20
Let j(t) = -8*t + 52. Calculate the remainder when j(-9) is divided by 33.
25
Let s = 3 + 2. Let p be -3 + 0 + 2 + 5. Suppose -5*g + t - 26 + 92 = 0, -2*g = -p*t - 30. What is the remainder when g is divided by s?
3
Let p(k) = k - 24. Let z be p(10). Let i = 21 + z. Calculate the remainder when i is divided by 4.
3
Suppose 10 = 2*z - 0*z. Calculate the remainder when z is divided by 4.
1
Suppose -3*h + 9 = 5*b, 2*h + 3 - 9 = 3*b. Suppose -5*f + 17 = -2*s, 0*f - 5*s + 15 = -f. Calculate the remainder when f is divided by h.
2
Suppose 3*r + 3*r - 438 = 0. Calculate the remainder when r is divided by 15.
13
Let n(a) be the first derivative of -a**2/2 + 21*a + 6. Calculate the remainder when 41 is divided by n(0).
20
Let h be 2 - (2 - (1 + 2)). Suppose 5*b = -2*x + 9, 4*x + x = b + 9. Suppose -x*s = h*s - 245. Calculate the remainder when s is divided by 17.
15
Let i(n) = -n + 9. Let r be i(4). Suppose 0 = -3*q + 5*t + 7, t + 43 = 3*q + r*t. What is the remainder when ((-34)/(-1))/(-7 + 2 + 6) is divided by q?
7
Suppose 63 = -5*k + 248. Suppose 0 = 4*o + 2*o - 78. Calculate the remainder when k is divided by o.
11
Let i = 5 + 0. What is the remainder when (8/i)/(2/15) is divided by 5?
2
Suppose -4*v + 3 = -81. Suppose -3*p + 241 = 61. What is the remainder when p is divided by v?
18
Let j(o) = -6*o**2 + 8*o. Let f(b) = 5*b**2 - 7*b - 1. Let m(t) = 5*f(t) + 4*j(t). What is the remainder when m(6) is divided by 5?
3
Let h = 27 + -12. Let x = 25 - h. What is the remainder when 37 is divided by x?
7
Let y = 38 + 6. Calculate the remainder when y is divided by 12.
8
What is the remainder when (-8749)/(-195) - (-2)/15 is divided by (-4)/(-14) - 164/(-14)?
9
Let r be (2 + -4)*(-198)/4. Suppose -u + 2*a = -r, 2*a + a - 198 = -2*u. Calculate the remainder when u is divided by 25.
24
Suppose 5*y - 5*v - 365 = 0, 0*y + v - 389 = -5*y. What is the remainder when y is divided by 26?
25
Let n = -9 - -6. Calculate the remainder when 4 is divided by 18